{"id":58,"date":"2025-10-30T20:16:57","date_gmt":"2025-10-30T23:16:57","guid":{"rendered":"https:\/\/finzacontabil.com.br\/?page_id=58"},"modified":"2025-12-07T18:04:30","modified_gmt":"2025-12-07T21:04:30","slug":"finza-assessoria-contabil","status":"publish","type":"page","link":"https:\/\/finzacontabil.com.br\/","title":{"rendered":"Finza Assessoria Cont\u00e1bil"},"content":{"rendered":"\t\t<div data-elementor-type=\"wp-page\" data-elementor-id=\"58\" class=\"elementor elementor-58\">\n\t\t\t\t<div class=\"elementor-element elementor-element-5d901b5 e-grid e-con-boxed e-con e-parent\" data-id=\"5d901b5\" data-element_type=\"container\" data-settings=\"{&quot;background_background&quot;:&quot;classic&quot;}\">\n\t\t\t\t\t<div class=\"e-con-inner\">\n\t\t\t\t<div class=\"elementor-element elementor-element-30401b8 elementor-widget elementor-widget-image\" data-id=\"30401b8\" data-element_type=\"widget\" data-widget_type=\"image.default\">\n\t\t\t\t\t\t\t\t\t\t\t\t\t\t\t<img fetchpriority=\"high\" decoding=\"async\" width=\"2560\" height=\"731\" src=\"https:\/\/finzacontabil.com.br\/wp-content\/uploads\/2025\/10\/Logotipo-Horizontal-2-scaled.png\" class=\"attachment-full size-full wp-image-66\" alt=\"\" srcset=\"https:\/\/finzacontabil.com.br\/wp-content\/uploads\/2025\/10\/Logotipo-Horizontal-2-scaled.png 2560w, https:\/\/finzacontabil.com.br\/wp-content\/uploads\/2025\/10\/Logotipo-Horizontal-2-300x86.png 300w, https:\/\/finzacontabil.com.br\/wp-content\/uploads\/2025\/10\/Logotipo-Horizontal-2-1024x292.png 1024w, https:\/\/finzacontabil.com.br\/wp-content\/uploads\/2025\/10\/Logotipo-Horizontal-2-768x219.png 768w, https:\/\/finzacontabil.com.br\/wp-content\/uploads\/2025\/10\/Logotipo-Horizontal-2-1536x439.png 1536w, https:\/\/finzacontabil.com.br\/wp-content\/uploads\/2025\/10\/Logotipo-Horizontal-2-2048x585.png 2048w\" sizes=\"(max-width: 2560px) 100vw, 2560px\" \/>\t\t\t\t\t\t\t\t\t\t\t\t\t\t\t<\/div>\n\t\t\t\t<div class=\"elementor-element elementor-element-b60f532 elementor-widget elementor-widget-heading\" data-id=\"b60f532\" data-element_type=\"widget\" data-widget_type=\"heading.default\">\n\t\t\t\t\t<h2 class=\"elementor-heading-title elementor-size-default\"><br>Sua parceira financeira<br>de crescimento.<\/h2>\t\t\t\t<\/div>\n\t\t\t\t\t<\/div>\n\t\t\t\t<\/div>\n\t\t<div class=\"elementor-element elementor-element-d1d6c94 e-grid e-con-full e-con e-parent\" data-id=\"d1d6c94\" data-element_type=\"container\" data-settings=\"{&quot;background_background&quot;:&quot;classic&quot;}\">\n\t\t\t\t<div class=\"elementor-element elementor-element-abffe68 elementor-widget elementor-widget-spacer\" data-id=\"abffe68\" data-element_type=\"widget\" data-widget_type=\"spacer.default\">\n\t\t\t\t\t\t\t<div class=\"elementor-spacer\">\n\t\t\t<div class=\"elementor-spacer-inner\"><\/div>\n\t\t<\/div>\n\t\t\t\t\t\t<\/div>\n\t\t\t\t<div class=\"elementor-element elementor-element-135f53a elementor-align-center elementor-widget elementor-widget-button\" data-id=\"135f53a\" data-element_type=\"widget\" data-widget_type=\"button.default\">\n\t\t\t\t\t\t\t\t\t\t<a class=\"elementor-button elementor-button-link elementor-size-sm\" href=\"https:\/\/wa.me\/\/5591992562418?text=Ol%C3%A1!%20Gostaria%20de%20crescer%20com%20a%20ajuda%20de%20voc%C3%AAs!\" target=\"_blank\" id=\"wp\">\n\t\t\t\t\t\t<span class=\"elementor-button-content-wrapper\">\n\t\t\t\t\t\t<span class=\"elementor-button-icon\">\n\t\t\t\t<svg aria-hidden=\"true\" class=\"e-font-icon-svg e-fab-whatsapp\" viewBox=\"0 0 448 512\" xmlns=\"http:\/\/www.w3.org\/2000\/svg\"><path d=\"M380.9 97.1C339 55.1 283.2 32 223.9 32c-122.4 0-222 99.6-222 222 0 39.1 10.2 77.3 29.6 111L0 480l117.7-30.9c32.4 17.7 68.9 27 106.1 27h.1c122.3 0 224.1-99.6 224.1-222 0-59.3-25.2-115-67.1-157zm-157 341.6c-33.2 0-65.7-8.9-94-25.7l-6.7-4-69.8 18.3L72 359.2l-4.4-7c-18.5-29.4-28.2-63.3-28.2-98.2 0-101.7 82.8-184.5 184.6-184.5 49.3 0 95.6 19.2 130.4 54.1 34.8 34.9 56.2 81.2 56.1 130.5 0 101.8-84.9 184.6-186.6 184.6zm101.2-138.2c-5.5-2.8-32.8-16.2-37.9-18-5.1-1.9-8.8-2.8-12.5 2.8-3.7 5.6-14.3 18-17.6 21.8-3.2 3.7-6.5 4.2-12 1.4-32.6-16.3-54-29.1-75.5-66-5.7-9.8 5.7-9.1 16.3-30.3 1.8-3.7.9-6.9-.5-9.7-1.4-2.8-12.5-30.1-17.1-41.2-4.5-10.8-9.1-9.3-12.5-9.5-3.2-.2-6.9-.2-10.6-.2-3.7 0-9.7 1.4-14.8 6.9-5.1 5.6-19.4 19-19.4 46.3 0 27.3 19.9 53.7 22.6 57.4 2.8 3.7 39.1 59.7 94.8 83.8 35.2 15.2 49 16.5 66.6 13.9 10.7-1.6 32.8-13.4 37.4-26.4 4.6-13 4.6-24.1 3.2-26.4-1.3-2.5-5-3.9-10.5-6.6z\"><\/path><\/svg>\t\t\t<\/span>\n\t\t\t\t\t\t\t\t\t<span class=\"elementor-button-text\">Fale conosco pelo WhatsApp<\/span>\n\t\t\t\t\t<\/span>\n\t\t\t\t\t<\/a>\n\t\t\t\t\t\t\t\t<\/div>\n\t\t\t\t<div class=\"elementor-element elementor-element-49f73f7 elementor-align-center elementor-widget elementor-widget-button\" data-id=\"49f73f7\" data-element_type=\"widget\" data-widget_type=\"button.default\">\n\t\t\t\t\t\t\t\t\t\t<a class=\"elementor-button elementor-button-link elementor-size-sm\" href=\"https:\/\/www.instagram.com\/finzacontabil\/#\" target=\"_blank\" id=\"insta\">\n\t\t\t\t\t\t<span class=\"elementor-button-content-wrapper\">\n\t\t\t\t\t\t<span class=\"elementor-button-icon\">\n\t\t\t\t<svg aria-hidden=\"true\" class=\"e-font-icon-svg e-fab-instagram\" viewBox=\"0 0 448 512\" xmlns=\"http:\/\/www.w3.org\/2000\/svg\"><path d=\"M224.1 141c-63.6 0-114.9 51.3-114.9 114.9s51.3 114.9 114.9 114.9S339 319.5 339 255.9 287.7 141 224.1 141zm0 189.6c-41.1 0-74.7-33.5-74.7-74.7s33.5-74.7 74.7-74.7 74.7 33.5 74.7 74.7-33.6 74.7-74.7 74.7zm146.4-194.3c0 14.9-12 26.8-26.8 26.8-14.9 0-26.8-12-26.8-26.8s12-26.8 26.8-26.8 26.8 12 26.8 26.8zm76.1 27.2c-1.7-35.9-9.9-67.7-36.2-93.9-26.2-26.2-58-34.4-93.9-36.2-37-2.1-147.9-2.1-184.9 0-35.8 1.7-67.6 9.9-93.9 36.1s-34.4 58-36.2 93.9c-2.1 37-2.1 147.9 0 184.9 1.7 35.9 9.9 67.7 36.2 93.9s58 34.4 93.9 36.2c37 2.1 147.9 2.1 184.9 0 35.9-1.7 67.7-9.9 93.9-36.2 26.2-26.2 34.4-58 36.2-93.9 2.1-37 2.1-147.8 0-184.8zM398.8 388c-7.8 19.6-22.9 34.7-42.6 42.6-29.5 11.7-99.5 9-132.1 9s-102.7 2.6-132.1-9c-19.6-7.8-34.7-22.9-42.6-42.6-11.7-29.5-9-99.5-9-132.1s-2.6-102.7 9-132.1c7.8-19.6 22.9-34.7 42.6-42.6 29.5-11.7 99.5-9 132.1-9s102.7-2.6 132.1 9c19.6 7.8 34.7 22.9 42.6 42.6 11.7 29.5 9 99.5 9 132.1s2.7 102.7-9 132.1z\"><\/path><\/svg>\t\t\t<\/span>\n\t\t\t\t\t\t\t\t\t<span class=\"elementor-button-text\">Siga nossa p\u00e1gina no Instagram<\/span>\n\t\t\t\t\t<\/span>\n\t\t\t\t\t<\/a>\n\t\t\t\t\t\t\t\t<\/div>\n\t\t\t\t<div class=\"elementor-element elementor-element-318d938 elementor-align-center elementor-widget elementor-widget-button\" data-id=\"318d938\" data-element_type=\"widget\" data-widget_type=\"button.default\">\n\t\t\t\t\t\t\t\t\t\t<a class=\"elementor-button elementor-button-link elementor-size-sm\" href=\"http:\/\/contato@finzacontabil.com.br\" target=\"_blank\" id=\"insta\">\n\t\t\t\t\t\t<span class=\"elementor-button-content-wrapper\">\n\t\t\t\t\t\t<span class=\"elementor-button-icon\">\n\t\t\t\t<svg aria-hidden=\"true\" class=\"e-font-icon-svg e-far-envelope\" viewBox=\"0 0 512 512\" xmlns=\"http:\/\/www.w3.org\/2000\/svg\"><path d=\"M464 64H48C21.49 64 0 85.49 0 112v288c0 26.51 21.49 48 48 48h416c26.51 0 48-21.49 48-48V112c0-26.51-21.49-48-48-48zm0 48v40.805c-22.422 18.259-58.168 46.651-134.587 106.49-16.841 13.247-50.201 45.072-73.413 44.701-23.208.375-56.579-31.459-73.413-44.701C106.18 199.465 70.425 171.067 48 152.805V112h416zM48 400V214.398c22.914 18.251 55.409 43.862 104.938 82.646 21.857 17.205 60.134 55.186 103.062 54.955 42.717.231 80.509-37.199 103.053-54.947 49.528-38.783 82.032-64.401 104.947-82.653V400H48z\"><\/path><\/svg>\t\t\t<\/span>\n\t\t\t\t\t\t\t\t\t<span class=\"elementor-button-text\">contato@finzacontabil.com.br<\/span>\n\t\t\t\t\t<\/span>\n\t\t\t\t\t<\/a>\n\t\t\t\t\t\t\t\t<\/div>\n\t\t\t\t<div class=\"elementor-element elementor-element-16ab4c5 elementor-align-center elementor-widget elementor-widget-button\" data-id=\"16ab4c5\" data-element_type=\"widget\" data-widget_type=\"button.default\">\n\t\t\t\t\t\t\t\t\t\t<a class=\"elementor-button elementor-button-link elementor-size-sm\" href=\"http:\/\/vip.acessorias.com\/finzacontabil\" target=\"_blank\" id=\"insta\">\n\t\t\t\t\t\t<span class=\"elementor-button-content-wrapper\">\n\t\t\t\t\t\t<span class=\"elementor-button-icon\">\n\t\t\t\t<svg aria-hidden=\"true\" class=\"e-font-icon-svg e-far-user\" viewBox=\"0 0 448 512\" xmlns=\"http:\/\/www.w3.org\/2000\/svg\"><path d=\"M313.6 304c-28.7 0-42.5 16-89.6 16-47.1 0-60.8-16-89.6-16C60.2 304 0 364.2 0 438.4V464c0 26.5 21.5 48 48 48h352c26.5 0 48-21.5 48-48v-25.6c0-74.2-60.2-134.4-134.4-134.4zM400 464H48v-25.6c0-47.6 38.8-86.4 86.4-86.4 14.6 0 38.3 16 89.6 16 51.7 0 74.9-16 89.6-16 47.6 0 86.4 38.8 86.4 86.4V464zM224 288c79.5 0 144-64.5 144-144S303.5 0 224 0 80 64.5 80 144s64.5 144 144 144zm0-240c52.9 0 96 43.1 96 96s-43.1 96-96 96-96-43.1-96-96 43.1-96 96-96z\"><\/path><\/svg>\t\t\t<\/span>\n\t\t\t\t\t\t\t\t\t<span class=\"elementor-button-text\">\u00c1rea VIP do Cliente<\/span>\n\t\t\t\t\t<\/span>\n\t\t\t\t\t<\/a>\n\t\t\t\t\t\t\t\t<\/div>\n\t\t\t\t<div class=\"elementor-element elementor-element-5920069 elementor-widget elementor-widget-spacer\" data-id=\"5920069\" data-element_type=\"widget\" data-widget_type=\"spacer.default\">\n\t\t\t\t\t\t\t<div class=\"elementor-spacer\">\n\t\t\t<div class=\"elementor-spacer-inner\"><\/div>\n\t\t<\/div>\n\t\t\t\t\t\t<\/div>\n\t\t\t\t<div class=\"elementor-element elementor-element-e023cd3 elementor-widget elementor-widget-text-editor\" data-id=\"e023cd3\" data-element_type=\"widget\" data-widget_type=\"text-editor.default\">\n\t\t\t\t\t\t\t\t\t<p>CRC-PA 1152\/O<\/p><p>CNPJ n\u00ba 39.816.638\/0001-30<\/p><p>Inscri\u00e7\u00e3o Municipal n\u00ba 383.160-6\/001<\/p>\t\t\t\t\t\t\t\t<\/div>\n\t\t\t\t<div class=\"elementor-element elementor-element-5000b24 elementor-widget elementor-widget-spacer\" data-id=\"5000b24\" data-element_type=\"widget\" data-widget_type=\"spacer.default\">\n\t\t\t\t\t\t\t<div class=\"elementor-spacer\">\n\t\t\t<div class=\"elementor-spacer-inner\"><\/div>\n\t\t<\/div>\n\t\t\t\t\t\t<\/div>\n\t\t\t\t<\/div>\n\t\t\t\t<\/div>\n\t\t","protected":false},"excerpt":{"rendered":"<p>Sua parceira financeirade crescimento. Fale conosco pelo WhatsApp Siga nossa p\u00e1gina no Instagram contato@finzacontabil.com.br \u00c1rea VIP do Cliente CRC-PA 1152\/O CNPJ n\u00ba 39.816.638\/0001-30 Inscri\u00e7\u00e3o Municipal n\u00ba 383.160-6\/001<\/p>\n","protected":false},"author":2,"featured_media":0,"parent":0,"menu_order":0,"comment_status":"closed","ping_status":"closed","template":"elementor_canvas","meta":{"footnotes":""},"class_list":["post-58","page","type-page","status-publish","hentry"],"yoast_head":"<!-- This site is optimized with the Yoast SEO plugin v27.4 - https:\/\/yoast.com\/product\/yoast-seo-wordpress\/ -->\n<title>Finza Assessoria Cont\u00e1bil - Finza Assessoria Cont\u00e1bil<\/title>\n<meta name=\"robots\" content=\"index, follow, max-snippet:-1, max-image-preview:large, max-video-preview:-1\" \/>\n<link rel=\"canonical\" href=\"https:\/\/finzacontabil.com.br\/\" \/>\n<meta property=\"og:locale\" content=\"pt_BR\" \/>\n<meta property=\"og:type\" content=\"article\" \/>\n<meta property=\"og:title\" content=\"Finza Assessoria Cont\u00e1bil - Finza Assessoria Cont\u00e1bil\" \/>\n<meta property=\"og:description\" content=\"Sua parceira financeirade crescimento. Fale conosco pelo WhatsApp Siga nossa p\u00e1gina no Instagram contato@finzacontabil.com.br \u00c1rea VIP do Cliente CRC-PA 1152\/O CNPJ n\u00ba 39.816.638\/0001-30 Inscri\u00e7\u00e3o Municipal n\u00ba 383.160-6\/001\" \/>\n<meta property=\"og:url\" content=\"https:\/\/finzacontabil.com.br\/\" \/>\n<meta property=\"og:site_name\" content=\"Finza Assessoria Cont\u00e1bil\" \/>\n<meta property=\"article:modified_time\" content=\"2025-12-07T21:04:30+00:00\" \/>\n<meta property=\"og:image\" content=\"http:\/\/finzacontabil.com.br\/wp-content\/uploads\/2025\/10\/Logotipo-Horizontal-2-scaled.png\" \/>\n<meta name=\"twitter:card\" content=\"summary_large_image\" \/>\n<meta name=\"twitter:label1\" content=\"Est. tempo de leitura\" \/>\n\t<meta name=\"twitter:data1\" content=\"1 minuto\" \/>\n<script type=\"application\/ld+json\" class=\"yoast-schema-graph\">{\"@context\":\"https:\\\/\\\/schema.org\",\"@graph\":[{\"@type\":\"WebPage\",\"@id\":\"https:\\\/\\\/finzacontabil.com.br\\\/\",\"url\":\"https:\\\/\\\/finzacontabil.com.br\\\/\",\"name\":\"Finza Assessoria Cont\u00e1bil - Finza Assessoria Cont\u00e1bil\",\"isPartOf\":{\"@id\":\"https:\\\/\\\/finzacontabil.com.br\\\/#website\"},\"primaryImageOfPage\":{\"@id\":\"https:\\\/\\\/finzacontabil.com.br\\\/#primaryimage\"},\"image\":{\"@id\":\"https:\\\/\\\/finzacontabil.com.br\\\/#primaryimage\"},\"thumbnailUrl\":\"http:\\\/\\\/finzacontabil.com.br\\\/wp-content\\\/uploads\\\/2025\\\/10\\\/Logotipo-Horizontal-2-scaled.png\",\"datePublished\":\"2025-10-30T23:16:57+00:00\",\"dateModified\":\"2025-12-07T21:04:30+00:00\",\"breadcrumb\":{\"@id\":\"https:\\\/\\\/finzacontabil.com.br\\\/#breadcrumb\"},\"inLanguage\":\"pt-BR\",\"potentialAction\":[{\"@type\":\"ReadAction\",\"target\":[\"https:\\\/\\\/finzacontabil.com.br\\\/\"]}]},{\"@type\":\"ImageObject\",\"inLanguage\":\"pt-BR\",\"@id\":\"https:\\\/\\\/finzacontabil.com.br\\\/#primaryimage\",\"url\":\"https:\\\/\\\/finzacontabil.com.br\\\/wp-content\\\/uploads\\\/2025\\\/10\\\/Logotipo-Horizontal-2-scaled.png\",\"contentUrl\":\"https:\\\/\\\/finzacontabil.com.br\\\/wp-content\\\/uploads\\\/2025\\\/10\\\/Logotipo-Horizontal-2-scaled.png\",\"width\":2560,\"height\":731},{\"@type\":\"BreadcrumbList\",\"@id\":\"https:\\\/\\\/finzacontabil.com.br\\\/#breadcrumb\",\"itemListElement\":[{\"@type\":\"ListItem\",\"position\":1,\"name\":\"Home\",\"item\":\"https:\\\/\\\/finzacontabil.com.br\\\/\"},{\"@type\":\"ListItem\",\"position\":2,\"name\":\"Finza Assessoria Cont\u00e1bil\"}]},{\"@type\":\"WebSite\",\"@id\":\"https:\\\/\\\/finzacontabil.com.br\\\/#website\",\"url\":\"https:\\\/\\\/finzacontabil.com.br\\\/\",\"name\":\"Finza Assessoria Cont\u00e1bil\",\"description\":\"Sua parceira financeira de crescimento.\",\"publisher\":{\"@id\":\"https:\\\/\\\/finzacontabil.com.br\\\/#organization\"},\"potentialAction\":[{\"@type\":\"SearchAction\",\"target\":{\"@type\":\"EntryPoint\",\"urlTemplate\":\"https:\\\/\\\/finzacontabil.com.br\\\/?s={search_term_string}\"},\"query-input\":{\"@type\":\"PropertyValueSpecification\",\"valueRequired\":true,\"valueName\":\"search_term_string\"}}],\"inLanguage\":\"pt-BR\"},{\"@type\":\"Organization\",\"@id\":\"https:\\\/\\\/finzacontabil.com.br\\\/#organization\",\"name\":\"Finza Assessoria Cont\u00e1bil\",\"url\":\"https:\\\/\\\/finzacontabil.com.br\\\/\",\"logo\":{\"@type\":\"ImageObject\",\"inLanguage\":\"pt-BR\",\"@id\":\"https:\\\/\\\/finzacontabil.com.br\\\/#\\\/schema\\\/logo\\\/image\\\/\",\"url\":\"https:\\\/\\\/finzacontabil.com.br\\\/wp-content\\\/uploads\\\/2025\\\/10\\\/Logotipo-Completo-1-scaled.png\",\"contentUrl\":\"https:\\\/\\\/finzacontabil.com.br\\\/wp-content\\\/uploads\\\/2025\\\/10\\\/Logotipo-Completo-1-scaled.png\",\"width\":2560,\"height\":1225,\"caption\":\"Finza Assessoria Cont\u00e1bil\"},\"image\":{\"@id\":\"https:\\\/\\\/finzacontabil.com.br\\\/#\\\/schema\\\/logo\\\/image\\\/\"},\"sameAs\":[\"https:\\\/\\\/www.instagram.com\\\/finzacontabil\\\/\"]}]}<\/script>\n<!-- \/ Yoast SEO plugin. -->","yoast_head_json":{"title":"Finza Assessoria Cont\u00e1bil - Finza Assessoria Cont\u00e1bil","robots":{"index":"index","follow":"follow","max-snippet":"max-snippet:-1","max-image-preview":"max-image-preview:large","max-video-preview":"max-video-preview:-1"},"canonical":"https:\/\/finzacontabil.com.br\/","og_locale":"pt_BR","og_type":"article","og_title":"Finza Assessoria Cont\u00e1bil - Finza Assessoria Cont\u00e1bil","og_description":"Sua parceira financeirade crescimento. Fale conosco pelo WhatsApp Siga nossa p\u00e1gina no Instagram contato@finzacontabil.com.br \u00c1rea VIP do Cliente CRC-PA 1152\/O CNPJ n\u00ba 39.816.638\/0001-30 Inscri\u00e7\u00e3o Municipal n\u00ba 383.160-6\/001","og_url":"https:\/\/finzacontabil.com.br\/","og_site_name":"Finza Assessoria Cont\u00e1bil","article_modified_time":"2025-12-07T21:04:30+00:00","og_image":[{"url":"http:\/\/finzacontabil.com.br\/wp-content\/uploads\/2025\/10\/Logotipo-Horizontal-2-scaled.png","type":"","width":"","height":""}],"twitter_card":"summary_large_image","twitter_misc":{"Est. tempo de leitura":"1 minuto"},"schema":{"@context":"https:\/\/schema.org","@graph":[{"@type":"WebPage","@id":"https:\/\/finzacontabil.com.br\/","url":"https:\/\/finzacontabil.com.br\/","name":"Finza Assessoria Cont\u00e1bil - Finza Assessoria Cont\u00e1bil","isPartOf":{"@id":"https:\/\/finzacontabil.com.br\/#website"},"primaryImageOfPage":{"@id":"https:\/\/finzacontabil.com.br\/#primaryimage"},"image":{"@id":"https:\/\/finzacontabil.com.br\/#primaryimage"},"thumbnailUrl":"http:\/\/finzacontabil.com.br\/wp-content\/uploads\/2025\/10\/Logotipo-Horizontal-2-scaled.png","datePublished":"2025-10-30T23:16:57+00:00","dateModified":"2025-12-07T21:04:30+00:00","breadcrumb":{"@id":"https:\/\/finzacontabil.com.br\/#breadcrumb"},"inLanguage":"pt-BR","potentialAction":[{"@type":"ReadAction","target":["https:\/\/finzacontabil.com.br\/"]}]},{"@type":"ImageObject","inLanguage":"pt-BR","@id":"https:\/\/finzacontabil.com.br\/#primaryimage","url":"https:\/\/finzacontabil.com.br\/wp-content\/uploads\/2025\/10\/Logotipo-Horizontal-2-scaled.png","contentUrl":"https:\/\/finzacontabil.com.br\/wp-content\/uploads\/2025\/10\/Logotipo-Horizontal-2-scaled.png","width":2560,"height":731},{"@type":"BreadcrumbList","@id":"https:\/\/finzacontabil.com.br\/#breadcrumb","itemListElement":[{"@type":"ListItem","position":1,"name":"Home","item":"https:\/\/finzacontabil.com.br\/"},{"@type":"ListItem","position":2,"name":"Finza Assessoria Cont\u00e1bil"}]},{"@type":"WebSite","@id":"https:\/\/finzacontabil.com.br\/#website","url":"https:\/\/finzacontabil.com.br\/","name":"Finza Assessoria Cont\u00e1bil","description":"Sua parceira financeira de crescimento.","publisher":{"@id":"https:\/\/finzacontabil.com.br\/#organization"},"potentialAction":[{"@type":"SearchAction","target":{"@type":"EntryPoint","urlTemplate":"https:\/\/finzacontabil.com.br\/?s={search_term_string}"},"query-input":{"@type":"PropertyValueSpecification","valueRequired":true,"valueName":"search_term_string"}}],"inLanguage":"pt-BR"},{"@type":"Organization","@id":"https:\/\/finzacontabil.com.br\/#organization","name":"Finza Assessoria Cont\u00e1bil","url":"https:\/\/finzacontabil.com.br\/","logo":{"@type":"ImageObject","inLanguage":"pt-BR","@id":"https:\/\/finzacontabil.com.br\/#\/schema\/logo\/image\/","url":"https:\/\/finzacontabil.com.br\/wp-content\/uploads\/2025\/10\/Logotipo-Completo-1-scaled.png","contentUrl":"https:\/\/finzacontabil.com.br\/wp-content\/uploads\/2025\/10\/Logotipo-Completo-1-scaled.png","width":2560,"height":1225,"caption":"Finza Assessoria Cont\u00e1bil"},"image":{"@id":"https:\/\/finzacontabil.com.br\/#\/schema\/logo\/image\/"},"sameAs":["https:\/\/www.instagram.com\/finzacontabil\/"]}]}},"_links":{"self":[{"href":"https:\/\/finzacontabil.com.br\/index.php?rest_route=\/wp\/v2\/pages\/58","targetHints":{"allow":["GET"]}}],"collection":[{"href":"https:\/\/finzacontabil.com.br\/index.php?rest_route=\/wp\/v2\/pages"}],"about":[{"href":"https:\/\/finzacontabil.com.br\/index.php?rest_route=\/wp\/v2\/types\/page"}],"author":[{"embeddable":true,"href":"https:\/\/finzacontabil.com.br\/index.php?rest_route=\/wp\/v2\/users\/2"}],"replies":[{"embeddable":true,"href":"https:\/\/finzacontabil.com.br\/index.php?rest_route=%2Fwp%2Fv2%2Fcomments&post=58"}],"version-history":[{"count":49,"href":"https:\/\/finzacontabil.com.br\/index.php?rest_route=\/wp\/v2\/pages\/58\/revisions"}],"predecessor-version":[{"id":158,"href":"https:\/\/finzacontabil.com.br\/index.php?rest_route=\/wp\/v2\/pages\/58\/revisions\/158"}],"wp:attachment":[{"href":"https:\/\/finzacontabil.com.br\/index.php?rest_route=%2Fwp%2Fv2%2Fmedia&parent=58"}],"curies":[{"name":"wp","href":"https:\/\/api.w.org\/{rel}","templated":true}]}}